inder when 4799 is divided by 14?
11
Calculate the remainder when 639 is divided by 27.
18
Calculate the remainder when 33 is divided by 25.
8
Calculate the remainder when 176 is divided by 13.
7
Calculate the remainder when 235 is divided by 78.
1
Calculate the remainder when 1223 is divided by 25.
23
What is the remainder when 211 is divided by 27?
22
Calculate the remainder when 38 is divided by 26.
12
What is the remainder when 46 is divided by 8?
6
Calculate the remainder when 89 is divided by 47.
42
What is the remainder when 587 is divided by 136?
43
What is the remainder when 130 is divided by 64?
2
What is the remainder when 413 is divided by 16?
13
What is the remainder when 152 is divided by 39?
35
What is the remainder when 283 is divided by 52?
23
Calculate the remainder when 366 is divided by 71.
11
What is the remainder when 58 is divided by 12?
10
Calculate the remainder when 169 is divided by 38.
17
What is the remainder when 64 is divided by 64?
0
Calculate the remainder when 36 is divided by 12.
0
Calculate the remainder when 737 is divided by 184.
1
Calculate the remainder when 379 is divided by 17.
5
Calculate the remainder when 1972 is divided by 18.
10
What is the remainder when 122 is divided by 5?
2
Calculate the remainder when 4376 is divided by 1093.
4
Calculate the remainder when 175 is divided by 62.
51
What is the remainder when 1234 is divided by 19?
18
What is the remainder when 421 is divided by 144?
133
What is the remainder when 1137 is divided by 17?
15
What is the remainder when 133 is divided by 56?
21
Calculate the remainder when 300 is divided by 46.
24
Calculate the remainder when 9 is divided by 7.
2
Calculate the remainder when 22862 is divided by 74.
70
What is the remainder when 8710 is divided by 24?
22
Calculate the remainder when 880 is divided by 98.
96
Calculate the remainder when 82 is divided by 22.
16
Calculate the remainder when 518 is divided by 400.
118
Calculate the remainder when 127 is divided by 35.
22
What is the remainder when 28 is divided by 19?
9
What is the remainder when 215 is divided by 44?
39
What is the remainder when 706 is divided by 677?
29
Calculate the remainder when 197 is divided by 105.
92
Calculate the remainder when 686 is divided by 69.
65
Calculate the remainder when 109 is divided by 31.
16
What is the remainder when 194 is divided by 40?
34
Calculate the remainder when 739 is divided by 149.
143
Calculate the remainder when 237 is divided by 86.
65
Calculate the remainder when 488 is divided by 13.
7
What is the remainder when 451 is divided by 438?
13
What is the remainder when 137 is divided by 36?
29
Calculate the remainder when 177 is divided by 30.
27
Calculate the remainder when 2537 is divided by 82.
77
What is the remainder when 284 is divided by 22?
20
Calculate the remainder when 104 is divided by 61.
43
What is the remainder when 1047 is divided by 42?
39
Calculate the remainder when 3202 is divided by 799.
6
Calculate the remainder when 110 is divided by 42.
26
Calculate the remainder when 726 is divided by 189.
159
Calculate the remainder when 597 is divided by 147.
9
Calculate the remainder when 3512 is divided by 196.
180
Calculate the remainder when 253 is divided by 17.
15
Calculate the remainder when 6439 is divided by 40.
39
What is the remainder when 930 is divided by 61?
15
Calculate the remainder when 93 is divided by 78.
15
Calculate the remainder when 1294 is divided by 186.
178
What is the remainder when 1782 is divided by 356?
2
Calculate the remainder when 103 is divided by 27.
22
Calculate the remainder when 208 is divided by 2.
0
What is the remainder when 2268 is divided by 5?
3
What is the remainder when 17936 is divided by 9?
8
What is the remainder when 7614 is divided by 12?
6
Calculate the remainder when 247 is divided by 126.
121
Calculate the remainder when 526 is divided by 59.
54
Calculate the remainder when 797 is divided by 28.
13
Calculate the remainder when 135 is divided by 25.
10
Calculate the remainder when 86 is divided by 25.
11
What is the remainder when 1601 is divided by 795?
11
Calculate the remainder when 755 is divided by 586.
169
What is the remainder when 1440 is divided by 16?
0
What is the remainder when 45 is divided by 1?
0
Calculate the remainder when 155 is divided by 21.
8
Calculate the remainder when 1950 is divided by 278.
4
What is the remainder when 739 is divided by 181?
15
What is the remainder when 162 is divided by 28?
22
Calculate the remainder when 352 is divided by 14.
2
What is the remainder when 356 is divided by 51?
50
Calculate the remainder when 2389 is divided by 63.
58
What is the remainder when 1986 is divided by 26?
10
What is the remainder when 75 is divided by 14?
5
What is the remainder when 2776 is divided by 924?
4
Calculate the remainder when 170 is divided by 92.
78
What is the remainder when 1263 is divided by 45?
3
What is the remainder when 1375 is divided by 51?
49
What is the remainder when 3645 is divided by 76?
73
Calculate the remainder when 380 is divided by 96.
92
Calculate the remainder when 4026 is divided by 57.
36
What is the remainder when 267 is divided by 16?
11
Calculate the remainder when 383 is divided by 13.
6
Calculate the remainder when 305 is divided by 129.
47
Calculate the remainder when 15123 is divided by 76.
75
What is the remainder when 2381 is divided by 16?
13
What is the remainder when 1005 is divided by 331?
12
What is the remainder when 225 is divided by 21?
15
What is the remainder when 73 is divided by 18?
1
What is the remainder when 2784 is divided by 27?
3
Calculate the remainder when 686 is divided by 8.
6
Calculate the remainder when 5223 is divided by 55.
53
Calculate the remainder when 34 is divided by 6.
4
Calculate the remainder when 9336 is divided by 19.
7
Calculate the remainder when 486 is divided by 39.
18
Calculate the remainder when 1673 is divided by 33.
23
What is the remainder when 1258 is divided by 30?
28
What is the remainder when 716 is divided by 20?
16
Calculate the remainder when 1267 is divided by 139.
16
Calculate the remainder when 109 is divided by 43.
23
Calculate the remainder when 2327 is divided by 63.
59
What is the remainder when 93 is divided by 16?
13
What is the remainder when 110 is divided by 43?
24
What is the remainder when 635 is divided by 77?
19
Calculate the remainder when 302 is divided by 185.
117
What is the remainder when 791 is divided by 81?
62
What is the remainder when 819 is divided by 35?
14
Calculate the remainder when 179 is divided by 166.
13
What is the remainder when 447 is divided by 211?
25
Calculate the remainder when 55 is divided by 44.
11
Calculate the remainder when 13979 is divided by 60.
59
What is the remainder when 524 is divided by 86?
8
Calculate the remainder when 332 is divided by 151.
30
Calculate the remainder when 775 is divided by 130.
125
Calculate the remainder when 1074 is divided by 140.
94
What is the remainder when 24803 is divided by 212?
211
What is the remainder when 558 is divided by 172?
42
Calculate the remainder when 833 is divided by 22.
19
Calculate the remainder when 357 is divided by 137.
83
What is the remainder when 277 is divided by 69?
1
Calculate the remainder when 394 is divided by 100.
94
Calculate the remainder when 485 is divided by 72.
53
Calculate the remainder when 411 is divided by 125.
36
Calculate the remainder when 66 is divided by 5.
1
What is the remainder when 120 is divided by 37?
9
What is the remainder when 39 is divided by 19?
1
What is the remainder when 686 is divided by 33?
26
What is the remainder when 247 is divided by 42?
37
What is the remainder when 859 is divided by 54?
49
What is the remainder when 418 is divided by 60?
58
Calculate the remainder when 193 is divided by 4.
1
What is the remainder when 3630 is divided by 45?
30
Calculate the remainder when 761 is divided by 99.
68
What is the remainder when 9987 is divided by 44?
43
What is the remainder when 89 is divided by 36?
17
Calculate the remainder when 168 is divided by 32.
8
Calculate the remainder when 217 is divided by 109.
108
Calculate the remainder when 146 is divided by 131.
15
What is the remainder when 3479 is divided by 87?
86
What is 